{"id":882,"date":"2014-04-07T08:15:47","date_gmt":"2014-04-07T06:15:47","guid":{"rendered":"http:\/\/www.cfppa.fr\/infocampus\/?page_id=882"},"modified":"2014-04-08T17:52:59","modified_gmt":"2014-04-08T15:52:59","slug":"les-productions","status":"publish","type":"page","link":"https:\/\/www.cfppa.fr\/infocampus\/les-productions\/","title":{"rendered":"Les productions !"},"content":{"rendered":"<p>&nbsp;<\/p>\n<p style=\"text-align: center;\">La production laiti\u00e8re: les bases !<\/p>\n<p style=\"text-align: center;\">Cette page doit vous permettre d&#8217;avoir des bases sue la production laiti\u00e8re en France !<\/p>\n<p style=\"text-align: center;\">Des bases de btsa acse , donc &#8230;..<\/p>\n<p style=\"text-align: left;\">Des dates \u00e0 connaitre :<\/p>\n<p style=\"text-align: left;\">1984 mise en place des quotas laitiers (7,5 million de VL) (actuellement 3.8 ! moins que de vaches allaitantes!) . ils sont li\u00e9s aux terres et le transfert est r\u00e9glement\u00e9 ex en <a href=\"http:\/\/draf.bretagne.agriculture.gouv.fr\/IMG\/pdf\/Regles_gestion_QL_2010_2011_cle055a25.pdf\" target=\"_blank\">ille et vilaine\u00a0<\/a><\/p>\n<p style=\"text-align: left;\">2015 disparition des quotas (d&#8217;ou contractualisation!)<\/p>\n<p style=\"text-align: left;\">1989 mise en place du quota mati\u00e8re grasse, il faut connaitre cette r\u00e9f\u00e9rence car elle peut avoir <a href=\"http:\/\/www.xeris-online.com\/data\/Calcul_du_droit_a_produire.pdf\" target=\"_blank\">des r\u00e9percussions<\/a> \u00a0sur la quantit\u00e9 \u00a0!<\/p>\n<p style=\"text-align: left;\">Vous pouvez trouver tous les chiffres de la fili\u00e8re sur le site du <a href=\"http:\/\/www.maison-du-lait.com\/fr\/chiffres-cles\/des-donnees-reference\" target=\"_blank\">www.cniel.fr<\/a><\/p>\n<p style=\"text-align: left;\"><a href=\"http:\/\/www.calameo.com\/read\/002230051d0c12dffec73\" target=\"_blank\">les chiffres 2013<\/a><\/p>\n<p style=\"text-align: left;\"><a href=\"http:\/\/www.cfppa.fr\/infocampus\/wp-content\/uploads\/2014\/04\/filier-lait.png\"><img decoding=\"async\" class=\"aligncenter size-full wp-image-892 lazyload\" alt=\"filier lait\" data-src=\"http:\/\/www.cfppa.fr\/infocampus\/wp-content\/uploads\/2014\/04\/filier-lait.png\" width=\"549\" height=\"624\" data-srcset=\"https:\/\/www.cfppa.fr\/infocampus\/wp-content\/uploads\/2014\/04\/filier-lait.png 549w, https:\/\/www.cfppa.fr\/infocampus\/wp-content\/uploads\/2014\/04\/filier-lait-263x300.png 263w\" data-sizes=\"(max-width: 549px) 100vw, 549px\" src=\"data:image\/svg+xml;base64,PHN2ZyB3aWR0aD0iMSIgaGVpZ2h0PSIxIiB4bWxucz0iaHR0cDovL3d3dy53My5vcmcvMjAwMC9zdmciPjwvc3ZnPg==\" style=\"--smush-placeholder-width: 549px; --smush-placeholder-aspect-ratio: 549\/624;\" \/><\/a><\/p>\n<p>Principale zone de production , Bretagne et pays de loire, Normandie<\/p>\n<p>En zone de montagne , il y a \u00e9galement de la production laiti\u00e8re!<\/p>\n<p><a href=\"http:\/\/www.cfppa.fr\/infocampus\/wp-content\/uploads\/2014\/04\/lait-refmoyenne.png\"><img decoding=\"async\" class=\"aligncenter size-full wp-image-893 lazyload\" alt=\"lait refmoyenne\" data-src=\"http:\/\/www.cfppa.fr\/infocampus\/wp-content\/uploads\/2014\/04\/lait-refmoyenne.png\" width=\"542\" height=\"688\" data-srcset=\"https:\/\/www.cfppa.fr\/infocampus\/wp-content\/uploads\/2014\/04\/lait-refmoyenne.png 542w, https:\/\/www.cfppa.fr\/infocampus\/wp-content\/uploads\/2014\/04\/lait-refmoyenne-236x300.png 236w\" data-sizes=\"(max-width: 542px) 100vw, 542px\" src=\"data:image\/svg+xml;base64,PHN2ZyB3aWR0aD0iMSIgaGVpZ2h0PSIxIiB4bWxucz0iaHR0cDovL3d3dy53My5vcmcvMjAwMC9zdmciPjwvc3ZnPg==\" style=\"--smush-placeholder-width: 542px; --smush-placeholder-aspect-ratio: 542\/688;\" \/><\/a><\/p>\n<p>De gros quotas dans le centre de la France, car il y a peu d&#8217;\u00e9leveur d&#8217;ou une concentration !<\/p>\n<p><a href=\"http:\/\/www.cfppa.fr\/infocampus\/wp-content\/uploads\/2014\/04\/lait_structure.png\"><img decoding=\"async\" class=\"aligncenter size-full wp-image-894 lazyload\" alt=\"lait_structure\" data-src=\"http:\/\/www.cfppa.fr\/infocampus\/wp-content\/uploads\/2014\/04\/lait_structure.png\" width=\"560\" height=\"752\" data-srcset=\"https:\/\/www.cfppa.fr\/infocampus\/wp-content\/uploads\/2014\/04\/lait_structure.png 560w, https:\/\/www.cfppa.fr\/infocampus\/wp-content\/uploads\/2014\/04\/lait_structure-223x300.png 223w\" data-sizes=\"(max-width: 560px) 100vw, 560px\" src=\"data:image\/svg+xml;base64,PHN2ZyB3aWR0aD0iMSIgaGVpZ2h0PSIxIiB4bWxucz0iaHR0cDovL3d3dy53My5vcmcvMjAwMC9zdmciPjwvc3ZnPg==\" style=\"--smush-placeholder-width: 560px; --smush-placeholder-aspect-ratio: 560\/752;\" \/><\/a><\/p>\n<p>&nbsp;<\/p>\n<p>Un quota moyen de 330 000 L !<\/p>\n<p><a href=\"http:\/\/www.cfppa.fr\/infocampus\/wp-content\/uploads\/2014\/04\/lait-race.png\"><img decoding=\"async\" class=\"aligncenter size-full wp-image-891 lazyload\" alt=\"lait-race\" data-src=\"http:\/\/www.cfppa.fr\/infocampus\/wp-content\/uploads\/2014\/04\/lait-race.png\" width=\"546\" height=\"725\" data-srcset=\"https:\/\/www.cfppa.fr\/infocampus\/wp-content\/uploads\/2014\/04\/lait-race.png 546w, https:\/\/www.cfppa.fr\/infocampus\/wp-content\/uploads\/2014\/04\/lait-race-225x300.png 225w\" data-sizes=\"(max-width: 546px) 100vw, 546px\" src=\"data:image\/svg+xml;base64,PHN2ZyB3aWR0aD0iMSIgaGVpZ2h0PSIxIiB4bWxucz0iaHR0cDovL3d3dy53My5vcmcvMjAwMC9zdmciPjwvc3ZnPg==\" style=\"--smush-placeholder-width: 546px; --smush-placeholder-aspect-ratio: 546\/725;\" \/><\/a><\/p>\n<p>&nbsp;<\/p>\n<p style=\"text-align: center;\"><strong>Une moyenne de 8300 l par vache laiti\u00e8re \u00a0avec la prim&#8217;holstein en t\u00eate<\/strong><\/p>\n<p style=\"text-align: left;\"><a href=\"http:\/\/www.cfppa.fr\/infocampus\/wp-content\/uploads\/2014\/04\/lait-collecte-mesnsuelle.png\"><img decoding=\"async\" class=\"aligncenter size-full wp-image-898 lazyload\" alt=\"lait-collecte mesnsuelle\" data-src=\"http:\/\/www.cfppa.fr\/infocampus\/wp-content\/uploads\/2014\/04\/lait-collecte-mesnsuelle.png\" width=\"567\" height=\"581\" data-srcset=\"https:\/\/www.cfppa.fr\/infocampus\/wp-content\/uploads\/2014\/04\/lait-collecte-mesnsuelle.png 567w, https:\/\/www.cfppa.fr\/infocampus\/wp-content\/uploads\/2014\/04\/lait-collecte-mesnsuelle-292x300.png 292w\" data-sizes=\"(max-width: 567px) 100vw, 567px\" src=\"data:image\/svg+xml;base64,PHN2ZyB3aWR0aD0iMSIgaGVpZ2h0PSIxIiB4bWxucz0iaHR0cDovL3d3dy53My5vcmcvMjAwMC9zdmciPjwvc3ZnPg==\" style=\"--smush-placeholder-width: 567px; --smush-placeholder-aspect-ratio: 567\/581;\" \/><\/a>La collecte du lait est relativement constante : au printemps \u00a0avec une gestion des quota(entre autre sur janvier f\u00e9vrier : une campagne laiti\u00e8re allant de d&#8217;avril \u00e0 mars!<img decoding=\"async\" title=\"Hit with Ball\" alt=\"Hit with Ball\" data-src=\"http:\/\/www.cfppa.fr\/infocampus\/wp-content\/plugins\/ultimate-tinymce\/addons\/emotions\/img\/popobig\/beat_ball.png\" border=\"0\" src=\"data:image\/svg+xml;base64,PHN2ZyB3aWR0aD0iMSIgaGVpZ2h0PSIxIiB4bWxucz0iaHR0cDovL3d3dy53My5vcmcvMjAwMC9zdmciPjwvc3ZnPg==\" class=\"lazyload\" \/>)<\/p>\n<p style=\"text-align: left;\">Et une reprise de la production vers octobre &#8211; novembre , pour avoir \u00a0des prix forts en hiver!)\u00a0<a href=\"http:\/\/www.cfppa.fr\/infocampus\/wp-content\/uploads\/2014\/04\/lait_prix.png\"><img decoding=\"async\" class=\"aligncenter size-full wp-image-900 lazyload\" alt=\"lait_prix\" data-src=\"http:\/\/www.cfppa.fr\/infocampus\/wp-content\/uploads\/2014\/04\/lait_prix.png\" width=\"563\" height=\"772\" data-srcset=\"https:\/\/www.cfppa.fr\/infocampus\/wp-content\/uploads\/2014\/04\/lait_prix.png 563w, https:\/\/www.cfppa.fr\/infocampus\/wp-content\/uploads\/2014\/04\/lait_prix-218x300.png 218w\" data-sizes=\"(max-width: 563px) 100vw, 563px\" src=\"data:image\/svg+xml;base64,PHN2ZyB3aWR0aD0iMSIgaGVpZ2h0PSIxIiB4bWxucz0iaHR0cDovL3d3dy53My5vcmcvMjAwMC9zdmciPjwvc3ZnPg==\" style=\"--smush-placeholder-width: 563px; --smush-placeholder-aspect-ratio: 563\/772;\" \/><\/a>Des prix qui varient fortement depuis 2008 !<\/p>\n<p style=\"text-align: left;\">De plus il y a une <a href=\"http:\/\/www.web-agri.fr\/observatoire_marches\/lait.html\" target=\"_blank\">variation saisonni\u00e8re<\/a> importante qui peut varier de 50\u20ac\/m3<\/p>\n<p style=\"text-align: left;\"><a href=\"http:\/\/www.cfppa.fr\/infocampus\/wp-content\/uploads\/2014\/04\/lait_prix_europe.png\"><img decoding=\"async\" class=\"aligncenter size-full wp-image-899 lazyload\" alt=\"lait_prix_europe\" data-src=\"http:\/\/www.cfppa.fr\/infocampus\/wp-content\/uploads\/2014\/04\/lait_prix_europe.png\" width=\"570\" height=\"798\" data-srcset=\"https:\/\/www.cfppa.fr\/infocampus\/wp-content\/uploads\/2014\/04\/lait_prix_europe.png 570w, https:\/\/www.cfppa.fr\/infocampus\/wp-content\/uploads\/2014\/04\/lait_prix_europe-214x300.png 214w\" data-sizes=\"(max-width: 570px) 100vw, 570px\" src=\"data:image\/svg+xml;base64,PHN2ZyB3aWR0aD0iMSIgaGVpZ2h0PSIxIiB4bWxucz0iaHR0cDovL3d3dy53My5vcmcvMjAwMC9zdmciPjwvc3ZnPg==\" style=\"--smush-placeholder-width: 570px; --smush-placeholder-aspect-ratio: 570\/798;\" \/><\/a><\/p>\n<p style=\"text-align: left;\">Il existe \u00e9galement des variations de prix dans l&#8217;UE<\/p>\n<p style=\"text-align: left;\"><a href=\"http:\/\/www.cfppa.fr\/infocampus\/wp-content\/uploads\/2014\/04\/lait_utilisation.png\"><img decoding=\"async\" class=\"aligncenter size-full wp-image-901 lazyload\" alt=\"lait_utilisation\" data-src=\"http:\/\/www.cfppa.fr\/infocampus\/wp-content\/uploads\/2014\/04\/lait_utilisation.png\" width=\"569\" height=\"701\" data-srcset=\"https:\/\/www.cfppa.fr\/infocampus\/wp-content\/uploads\/2014\/04\/lait_utilisation.png 569w, https:\/\/www.cfppa.fr\/infocampus\/wp-content\/uploads\/2014\/04\/lait_utilisation-243x300.png 243w\" data-sizes=\"(max-width: 569px) 100vw, 569px\" src=\"data:image\/svg+xml;base64,PHN2ZyB3aWR0aD0iMSIgaGVpZ2h0PSIxIiB4bWxucz0iaHR0cDovL3d3dy53My5vcmcvMjAwMC9zdmciPjwvc3ZnPg==\" style=\"--smush-placeholder-width: 569px; --smush-placeholder-aspect-ratio: 569\/701;\" \/><\/a>Attention dans certaines r\u00e9gions , selon la destination, le lait peut \u00eatre pay\u00e9 plu cher ! \u00a0(542\u20ac en Beaufort!)<\/p>\n<p style=\"text-align: left;\"><span style=\"line-height: 1.5;\">la version vid\u00e9o est un cours <\/span><span style=\"line-height: 1.5;\">\u00a0<\/span><span style=\"line-height: 1.5;\">en live ! lol<\/span><\/p>\n<div class=\"youtube\" style=\"width: 350; height: 300;\"><object width=\"350\" height=\"300\" classid=\"clsid:d27cdb6e-ae6d-11cf-96b8-444553540000\" codebase=\"http:\/\/download.macromedia.com\/pub\/shockwave\/cabs\/flash\/swflash.cab#version=6,0,40,0\"><param name=\"wmode\" value=\"transparent\" \/><param name=\"src\" value=\"http:\/\/www.youtube.com\/v\/xdhIQs6wgSQ?autoplay=0\" \/><embed width=\"350\" height=\"300\" type=\"application\/x-shockwave-flash\" src=\"http:\/\/www.youtube.com\/v\/xdhIQs6wgSQ?autoplay=0\" wmode=\"transparent\" \/><\/object><\/div>\n","protected":false},"excerpt":{"rendered":"<p>&nbsp; La production laiti\u00e8re: les bases ! Cette page doit vous permettre d&#8217;avoir des bases sue la production laiti\u00e8re en France ! Des bases de btsa acse , donc &#8230;.. Des dates \u00e0 connaitre : 1984 mise en place des quotas laitiers (7,5 million de VL) (actuellement 3.8 ! moins &hellip;<\/p>\n","protected":false},"author":1,"featured_media":0,"parent":0,"menu_order":0,"comment_status":"open","ping_status":"open","template":"","meta":{"_crdt_document":"","footnotes":""},"class_list":["post-882","page","type-page","status-publish","hentry"],"yoast_head":"<!-- This site is optimized with the Yoast SEO plugin v27.4 - https:\/\/yoast.com\/product\/yoast-seo-wordpress\/ -->\n<title>Les productions !  - Info campus CFPPA<\/title>\n<meta name=\"robots\" content=\"index, follow, max-snippet:-1, max-image-preview:large, max-video-preview:-1\" \/>\n<link rel=\"canonical\" href=\"http:\/\/www.cfppa.fr\/infocampus\/les-productions\/\" \/>\n<meta property=\"og:locale\" content=\"fr_FR\" \/>\n<meta property=\"og:type\" content=\"article\" \/>\n<meta property=\"og:title\" content=\"Les productions !  - Info campus CFPPA\" \/>\n<meta property=\"og:description\" content=\"&nbsp; La production laiti\u00e8re: les bases ! Cette page doit vous permettre d&#8217;avoir des bases sue la production laiti\u00e8re en France ! Des bases de btsa acse , donc &#8230;.. Des dates \u00e0 connaitre : 1984 mise en place des quotas laitiers (7,5 million de VL) (actuellement 3.8 ! moins &hellip;\" \/>\n<meta property=\"og:url\" content=\"http:\/\/www.cfppa.fr\/infocampus\/les-productions\/\" \/>\n<meta property=\"og:site_name\" content=\"Info campus CFPPA\" \/>\n<meta property=\"article:modified_time\" content=\"2014-04-08T15:52:59+00:00\" \/>\n<meta property=\"og:image\" content=\"http:\/\/www.cfppa.fr\/infocampus\/wp-content\/uploads\/2014\/04\/filier-lait.png\" \/>\n<meta name=\"twitter:label1\" content=\"Dur\u00e9e de lecture estim\u00e9e\" \/>\n\t<meta name=\"twitter:data1\" content=\"1 minute\" \/>\n<script type=\"application\/ld+json\" class=\"yoast-schema-graph\">{\"@context\":\"https:\\\/\\\/schema.org\",\"@graph\":[{\"@type\":\"WebPage\",\"@id\":\"http:\\\/\\\/www.cfppa.fr\\\/infocampus\\\/les-productions\\\/\",\"url\":\"http:\\\/\\\/www.cfppa.fr\\\/infocampus\\\/les-productions\\\/\",\"name\":\"Les productions ! - Info campus CFPPA\",\"isPartOf\":{\"@id\":\"http:\\\/\\\/www.cfppa.fr\\\/infocampus\\\/#website\"},\"primaryImageOfPage\":{\"@id\":\"http:\\\/\\\/www.cfppa.fr\\\/infocampus\\\/les-productions\\\/#primaryimage\"},\"image\":{\"@id\":\"http:\\\/\\\/www.cfppa.fr\\\/infocampus\\\/les-productions\\\/#primaryimage\"},\"thumbnailUrl\":\"http:\\\/\\\/www.cfppa.fr\\\/infocampus\\\/wp-content\\\/uploads\\\/2014\\\/04\\\/filier-lait.png\",\"datePublished\":\"2014-04-07T06:15:47+00:00\",\"dateModified\":\"2014-04-08T15:52:59+00:00\",\"breadcrumb\":{\"@id\":\"http:\\\/\\\/www.cfppa.fr\\\/infocampus\\\/les-productions\\\/#breadcrumb\"},\"inLanguage\":\"fr-FR\",\"potentialAction\":[{\"@type\":\"ReadAction\",\"target\":[\"http:\\\/\\\/www.cfppa.fr\\\/infocampus\\\/les-productions\\\/\"]}]},{\"@type\":\"ImageObject\",\"inLanguage\":\"fr-FR\",\"@id\":\"http:\\\/\\\/www.cfppa.fr\\\/infocampus\\\/les-productions\\\/#primaryimage\",\"url\":\"https:\\\/\\\/www.cfppa.fr\\\/infocampus\\\/wp-content\\\/uploads\\\/2014\\\/04\\\/filier-lait.png\",\"contentUrl\":\"https:\\\/\\\/www.cfppa.fr\\\/infocampus\\\/wp-content\\\/uploads\\\/2014\\\/04\\\/filier-lait.png\",\"width\":549,\"height\":624},{\"@type\":\"BreadcrumbList\",\"@id\":\"http:\\\/\\\/www.cfppa.fr\\\/infocampus\\\/les-productions\\\/#breadcrumb\",\"itemListElement\":[{\"@type\":\"ListItem\",\"position\":1,\"name\":\"Accueil\",\"item\":\"http:\\\/\\\/www.cfppa.fr\\\/infocampus\\\/\"},{\"@type\":\"ListItem\",\"position\":2,\"name\":\"Les productions !\"}]},{\"@type\":\"WebSite\",\"@id\":\"http:\\\/\\\/www.cfppa.fr\\\/infocampus\\\/#website\",\"url\":\"http:\\\/\\\/www.cfppa.fr\\\/infocampus\\\/\",\"name\":\"Info campus CFPPA\",\"description\":\"Un site \u00e0 la page\",\"publisher\":{\"@id\":\"http:\\\/\\\/www.cfppa.fr\\\/infocampus\\\/#organization\"},\"potentialAction\":[{\"@type\":\"SearchAction\",\"target\":{\"@type\":\"EntryPoint\",\"urlTemplate\":\"http:\\\/\\\/www.cfppa.fr\\\/infocampus\\\/?s={search_term_string}\"},\"query-input\":{\"@type\":\"PropertyValueSpecification\",\"valueRequired\":true,\"valueName\":\"search_term_string\"}}],\"inLanguage\":\"fr-FR\"},{\"@type\":\"Organization\",\"@id\":\"http:\\\/\\\/www.cfppa.fr\\\/infocampus\\\/#organization\",\"name\":\"CFPPA de bourges\",\"url\":\"http:\\\/\\\/www.cfppa.fr\\\/infocampus\\\/\",\"logo\":{\"@type\":\"ImageObject\",\"inLanguage\":\"fr-FR\",\"@id\":\"http:\\\/\\\/www.cfppa.fr\\\/infocampus\\\/#\\\/schema\\\/logo\\\/image\\\/\",\"url\":\"https:\\\/\\\/www.cfppa.fr\\\/infocampus\\\/wp-content\\\/uploads\\\/2013\\\/09\\\/logo_ministerecfppa.png\",\"contentUrl\":\"https:\\\/\\\/www.cfppa.fr\\\/infocampus\\\/wp-content\\\/uploads\\\/2013\\\/09\\\/logo_ministerecfppa.png\",\"width\":1,\"height\":1,\"caption\":\"CFPPA de bourges\"},\"image\":{\"@id\":\"http:\\\/\\\/www.cfppa.fr\\\/infocampus\\\/#\\\/schema\\\/logo\\\/image\\\/\"}}]}<\/script>\n<!-- \/ Yoast SEO plugin. -->","yoast_head_json":{"title":"Les productions !  - Info campus CFPPA","robots":{"index":"index","follow":"follow","max-snippet":"max-snippet:-1","max-image-preview":"max-image-preview:large","max-video-preview":"max-video-preview:-1"},"canonical":"http:\/\/www.cfppa.fr\/infocampus\/les-productions\/","og_locale":"fr_FR","og_type":"article","og_title":"Les productions !  - Info campus CFPPA","og_description":"&nbsp; La production laiti\u00e8re: les bases ! Cette page doit vous permettre d&#8217;avoir des bases sue la production laiti\u00e8re en France ! Des bases de btsa acse , donc &#8230;.. Des dates \u00e0 connaitre : 1984 mise en place des quotas laitiers (7,5 million de VL) (actuellement 3.8 ! moins &hellip;","og_url":"http:\/\/www.cfppa.fr\/infocampus\/les-productions\/","og_site_name":"Info campus CFPPA","article_modified_time":"2014-04-08T15:52:59+00:00","og_image":[{"url":"http:\/\/www.cfppa.fr\/infocampus\/wp-content\/uploads\/2014\/04\/filier-lait.png","type":"","width":"","height":""}],"twitter_misc":{"Dur\u00e9e de lecture estim\u00e9e":"1 minute"},"schema":{"@context":"https:\/\/schema.org","@graph":[{"@type":"WebPage","@id":"http:\/\/www.cfppa.fr\/infocampus\/les-productions\/","url":"http:\/\/www.cfppa.fr\/infocampus\/les-productions\/","name":"Les productions ! - Info campus CFPPA","isPartOf":{"@id":"http:\/\/www.cfppa.fr\/infocampus\/#website"},"primaryImageOfPage":{"@id":"http:\/\/www.cfppa.fr\/infocampus\/les-productions\/#primaryimage"},"image":{"@id":"http:\/\/www.cfppa.fr\/infocampus\/les-productions\/#primaryimage"},"thumbnailUrl":"http:\/\/www.cfppa.fr\/infocampus\/wp-content\/uploads\/2014\/04\/filier-lait.png","datePublished":"2014-04-07T06:15:47+00:00","dateModified":"2014-04-08T15:52:59+00:00","breadcrumb":{"@id":"http:\/\/www.cfppa.fr\/infocampus\/les-productions\/#breadcrumb"},"inLanguage":"fr-FR","potentialAction":[{"@type":"ReadAction","target":["http:\/\/www.cfppa.fr\/infocampus\/les-productions\/"]}]},{"@type":"ImageObject","inLanguage":"fr-FR","@id":"http:\/\/www.cfppa.fr\/infocampus\/les-productions\/#primaryimage","url":"https:\/\/www.cfppa.fr\/infocampus\/wp-content\/uploads\/2014\/04\/filier-lait.png","contentUrl":"https:\/\/www.cfppa.fr\/infocampus\/wp-content\/uploads\/2014\/04\/filier-lait.png","width":549,"height":624},{"@type":"BreadcrumbList","@id":"http:\/\/www.cfppa.fr\/infocampus\/les-productions\/#breadcrumb","itemListElement":[{"@type":"ListItem","position":1,"name":"Accueil","item":"http:\/\/www.cfppa.fr\/infocampus\/"},{"@type":"ListItem","position":2,"name":"Les productions !"}]},{"@type":"WebSite","@id":"http:\/\/www.cfppa.fr\/infocampus\/#website","url":"http:\/\/www.cfppa.fr\/infocampus\/","name":"Info campus CFPPA","description":"Un site \u00e0 la page","publisher":{"@id":"http:\/\/www.cfppa.fr\/infocampus\/#organization"},"potentialAction":[{"@type":"SearchAction","target":{"@type":"EntryPoint","urlTemplate":"http:\/\/www.cfppa.fr\/infocampus\/?s={search_term_string}"},"query-input":{"@type":"PropertyValueSpecification","valueRequired":true,"valueName":"search_term_string"}}],"inLanguage":"fr-FR"},{"@type":"Organization","@id":"http:\/\/www.cfppa.fr\/infocampus\/#organization","name":"CFPPA de bourges","url":"http:\/\/www.cfppa.fr\/infocampus\/","logo":{"@type":"ImageObject","inLanguage":"fr-FR","@id":"http:\/\/www.cfppa.fr\/infocampus\/#\/schema\/logo\/image\/","url":"https:\/\/www.cfppa.fr\/infocampus\/wp-content\/uploads\/2013\/09\/logo_ministerecfppa.png","contentUrl":"https:\/\/www.cfppa.fr\/infocampus\/wp-content\/uploads\/2013\/09\/logo_ministerecfppa.png","width":1,"height":1,"caption":"CFPPA de bourges"},"image":{"@id":"http:\/\/www.cfppa.fr\/infocampus\/#\/schema\/logo\/image\/"}}]}},"_links":{"self":[{"href":"https:\/\/www.cfppa.fr\/infocampus\/wp-json\/wp\/v2\/pages\/882","targetHints":{"allow":["GET"]}}],"collection":[{"href":"https:\/\/www.cfppa.fr\/infocampus\/wp-json\/wp\/v2\/pages"}],"about":[{"href":"https:\/\/www.cfppa.fr\/infocampus\/wp-json\/wp\/v2\/types\/page"}],"author":[{"embeddable":true,"href":"https:\/\/www.cfppa.fr\/infocampus\/wp-json\/wp\/v2\/users\/1"}],"replies":[{"embeddable":true,"href":"https:\/\/www.cfppa.fr\/infocampus\/wp-json\/wp\/v2\/comments?post=882"}],"version-history":[{"count":0,"href":"https:\/\/www.cfppa.fr\/infocampus\/wp-json\/wp\/v2\/pages\/882\/revisions"}],"wp:attachment":[{"href":"https:\/\/www.cfppa.fr\/infocampus\/wp-json\/wp\/v2\/media?parent=882"}],"curies":[{"name":"wp","href":"https:\/\/api.w.org\/{rel}","templated":true}]}}