{"id":353,"date":"2013-09-23T07:44:07","date_gmt":"2013-09-23T05:44:07","guid":{"rendered":"http:\/\/www.cfppa.fr\/infocampus\/?page_id=353"},"modified":"2020-08-14T12:06:05","modified_gmt":"2020-08-14T10:06:05","slug":"fiche-synthetique","status":"publish","type":"page","link":"https:\/\/www.cfppa.fr\/infocampus\/analyse-entreprise\/rapport-btsa-acse\/fiche-synthetique\/","title":{"rendered":"Fiche synth\u00e9tique"},"content":{"rendered":"<p style=\"text-align: center;\"><strong>Fiche synth\u00e9tique de pr\u00e9sentation de l&#8217;entreprise agricole<\/strong><\/p>\n<p><strong>Nom de l&#8217;entreprise :<\/strong><\/p>\n<p><strong>Adresse :<\/strong><\/p>\n<p><strong>SAU :<\/strong><\/p>\n<p><strong>Nombre d&#8217;exploitant ou d&#8217;associ\u00e9 exploitant:<\/strong><\/p>\n<p><strong>Statut : individuelle ou soci\u00e9t\u00e9<\/strong><\/p>\n<ul>\n<li>si soci\u00e9t\u00e9 : r\u00e9partition des parts sociales<\/li>\n<li>r\u00e9partition du b\u00e9n\u00e9fice<span style=\"line-height: 1.5;\">&nbsp;<\/span><\/li>\n<\/ul>\n<p><strong>Chiffre d&#8217;affaires :<\/strong><\/p>\n<p><strong>EBE des 3 derniers exercices<\/strong> :<\/p>\n<p><strong>Annuit\u00e9s des 3 derniers exercices &nbsp;et amortissements des 3 derniers&nbsp;exercices:<\/strong><\/p>\n<p><em>(faites un tableau et commenter l&#8217;effet sur la tr\u00e9sorerie<\/em> <strong>)&nbsp;<\/strong><\/p>\n<p>&nbsp;<\/p>\n<p>Annuit\u00e9s des 3 prochains exercices et idem pour les amortissements ( cela sera utile pour votre projet) :<\/p>\n<p>&nbsp;<\/p>\n<p><strong>Revenu disponible des 3 derniers exercices :&nbsp;<\/strong><\/p>\n<p>&nbsp;<\/p>\n<p><strong>Ateliers pr\u00e9sents :<\/strong><\/p>\n<ul>\n<li>Cultures :<\/li>\n<li>Productions animales :<\/li>\n<\/ul>\n<ol>\n<li>Vaches allaitantes (race, nbr, PMTVA)<\/li>\n<li>Vaches &nbsp;laiti\u00e8res (race, quota,nbr )<\/li>\n<li>Autres (\u00e0 pr\u00e9ciser) :<\/li>\n<\/ol>\n<ul>\n<li>Autres productions:<\/li>\n<\/ul>\n<p>&nbsp;<\/p>\n<p style=\"text-align: center;\"><strong>Les facteurs de Productions :<\/strong><\/p>\n<p style=\"text-align: center;\"><strong>Le foncier<\/strong><\/p>\n<ol>\n<li>Mode de faire-valoir (location ou propri\u00e9t\u00e9 ou mise \u00e0 disposition ) :<\/li>\n<li>Prix moyen du fermage (dont fermage &nbsp;familial ) :<\/li>\n<li>Caract\u00e9ristique du parcellaire : cf. photo d\u00e9claration PAC<\/li>\n<li>Types de sols :<\/li>\n<\/ol>\n<p style=\"text-align: center;\"><strong>La main d&#8217;oeuvre :&nbsp;<\/strong><\/p>\n<ul>\n<li>Nbr UTAF :<\/li>\n<li>&nbsp; &nbsp; &nbsp; &nbsp; &nbsp; Charges MSA du ou des chefs d&#8217;exploitation:<\/li>\n<li>Nbr UTH salariale :<\/li>\n<li>&nbsp; &nbsp; &nbsp; &nbsp; Co\u00fbt :<\/li>\n<li>Nbr UTH b\u00e9n\u00e9vole<\/li>\n<li>la main d&#8217;oeuvre est elle suffisante ?<\/li>\n<\/ul>\n<p>&nbsp;<\/p>\n<p style=\"text-align: center;\"><strong>Le mat\u00e9riel&nbsp;<\/strong><\/p>\n<ul>\n<li>Pr\u00e9sence de mat\u00e9riel en copropri\u00e9t\u00e9 , en CUMA<\/li>\n<li>Travaux par entreprise :<\/li>\n<li>Politique d&#8217;achat &nbsp;: neuf \/occasion<\/li>\n<li>Politique financement mat\u00e9riel : emprunt \/ autofinancement<\/li>\n<li>Charges de frais de m\u00e9canisation (r\u00e9paration , entretien) &nbsp;sur 3 ans :<\/li>\n<li>Charges d&#8217;amortissement : sur 3 ans<\/li>\n<\/ul>\n<p style=\"text-align: center;\">&nbsp;<strong>Le b\u00e2timent&nbsp;<\/strong><\/p>\n<ul>\n<li>Un plan de masse<\/li>\n<li>Sont ils aux normes ?<\/li>\n<li>Sont ils fonctionnels et adapt\u00e9s aux productions ?<\/li>\n<li>Charges d&#8217;amortissement et d&#8217;entretien ?<\/li>\n<\/ul>\n<p style=\"text-align: center;\"><strong>&nbsp;Le syst\u00e8me de production&nbsp;<\/strong><\/p>\n<p>&nbsp;<\/p>\n","protected":false},"excerpt":{"rendered":"<p>Fiche synth\u00e9tique de pr\u00e9sentation de l&#8217;entreprise agricole Nom de l&#8217;entreprise : Adresse : SAU : Nombre d&#8217;exploitant ou d&#8217;associ\u00e9 exploitant: Statut : individuelle ou soci\u00e9t\u00e9 si soci\u00e9t\u00e9 : r\u00e9partition des parts sociales r\u00e9partition du b\u00e9n\u00e9fice&nbsp; Chiffre d&#8217;affaires : EBE des 3 derniers exercices : Annuit\u00e9s des 3 derniers exercices &nbsp;et &hellip;<\/p>\n","protected":false},"author":1,"featured_media":0,"parent":223,"menu_order":0,"comment_status":"open","ping_status":"open","template":"","meta":{"_crdt_document":"","footnotes":""},"class_list":["post-353","page","type-page","status-publish","hentry"],"yoast_head":"<!-- This site is optimized with the Yoast SEO plugin v27.4 - https:\/\/yoast.com\/product\/yoast-seo-wordpress\/ -->\n<title>Fiche synth\u00e9tique - Info campus CFPPA<\/title>\n<meta name=\"robots\" content=\"index, follow, max-snippet:-1, max-image-preview:large, max-video-preview:-1\" \/>\n<link rel=\"canonical\" href=\"http:\/\/www.cfppa.fr\/infocampus\/analyse-entreprise\/rapport-btsa-acse\/fiche-synthetique\/\" \/>\n<meta property=\"og:locale\" content=\"fr_FR\" \/>\n<meta property=\"og:type\" content=\"article\" \/>\n<meta property=\"og:title\" content=\"Fiche synth\u00e9tique - Info campus CFPPA\" \/>\n<meta property=\"og:description\" content=\"Fiche synth\u00e9tique de pr\u00e9sentation de l&#8217;entreprise agricole Nom de l&#8217;entreprise : Adresse : SAU : Nombre d&#8217;exploitant ou d&#8217;associ\u00e9 exploitant: Statut : individuelle ou soci\u00e9t\u00e9 si soci\u00e9t\u00e9 : r\u00e9partition des parts sociales r\u00e9partition du b\u00e9n\u00e9fice&nbsp; Chiffre d&#8217;affaires : EBE des 3 derniers exercices : Annuit\u00e9s des 3 derniers exercices &nbsp;et &hellip;\" \/>\n<meta property=\"og:url\" content=\"http:\/\/www.cfppa.fr\/infocampus\/analyse-entreprise\/rapport-btsa-acse\/fiche-synthetique\/\" \/>\n<meta property=\"og:site_name\" content=\"Info campus CFPPA\" \/>\n<meta property=\"article:modified_time\" content=\"2020-08-14T10:06:05+00:00\" \/>\n<meta name=\"twitter:label1\" content=\"Dur\u00e9e de lecture estim\u00e9e\" \/>\n\t<meta name=\"twitter:data1\" content=\"1 minute\" \/>\n<script type=\"application\/ld+json\" class=\"yoast-schema-graph\">{\"@context\":\"https:\\\/\\\/schema.org\",\"@graph\":[{\"@type\":\"WebPage\",\"@id\":\"http:\\\/\\\/www.cfppa.fr\\\/infocampus\\\/analyse-entreprise\\\/rapport-btsa-acse\\\/fiche-synthetique\\\/\",\"url\":\"http:\\\/\\\/www.cfppa.fr\\\/infocampus\\\/analyse-entreprise\\\/rapport-btsa-acse\\\/fiche-synthetique\\\/\",\"name\":\"Fiche synth\u00e9tique - Info campus CFPPA\",\"isPartOf\":{\"@id\":\"http:\\\/\\\/www.cfppa.fr\\\/infocampus\\\/#website\"},\"datePublished\":\"2013-09-23T05:44:07+00:00\",\"dateModified\":\"2020-08-14T10:06:05+00:00\",\"breadcrumb\":{\"@id\":\"http:\\\/\\\/www.cfppa.fr\\\/infocampus\\\/analyse-entreprise\\\/rapport-btsa-acse\\\/fiche-synthetique\\\/#breadcrumb\"},\"inLanguage\":\"fr-FR\",\"potentialAction\":[{\"@type\":\"ReadAction\",\"target\":[\"http:\\\/\\\/www.cfppa.fr\\\/infocampus\\\/analyse-entreprise\\\/rapport-btsa-acse\\\/fiche-synthetique\\\/\"]}]},{\"@type\":\"BreadcrumbList\",\"@id\":\"http:\\\/\\\/www.cfppa.fr\\\/infocampus\\\/analyse-entreprise\\\/rapport-btsa-acse\\\/fiche-synthetique\\\/#breadcrumb\",\"itemListElement\":[{\"@type\":\"ListItem\",\"position\":1,\"name\":\"Accueil\",\"item\":\"http:\\\/\\\/www.cfppa.fr\\\/infocampus\\\/\"},{\"@type\":\"ListItem\",\"position\":2,\"name\":\"Analyse entreprise\",\"item\":\"https:\\\/\\\/www.cfppa.fr\\\/infocampus\\\/analyse-entreprise\\\/\"},{\"@type\":\"ListItem\",\"position\":3,\"name\":\"Rapport BTSA ACSE\",\"item\":\"https:\\\/\\\/www.cfppa.fr\\\/infocampus\\\/analyse-entreprise\\\/rapport-btsa-acse\\\/\"},{\"@type\":\"ListItem\",\"position\":4,\"name\":\"Fiche synth\u00e9tique\"}]},{\"@type\":\"WebSite\",\"@id\":\"http:\\\/\\\/www.cfppa.fr\\\/infocampus\\\/#website\",\"url\":\"http:\\\/\\\/www.cfppa.fr\\\/infocampus\\\/\",\"name\":\"Info campus CFPPA\",\"description\":\"Un site \u00e0 la page\",\"publisher\":{\"@id\":\"http:\\\/\\\/www.cfppa.fr\\\/infocampus\\\/#organization\"},\"potentialAction\":[{\"@type\":\"SearchAction\",\"target\":{\"@type\":\"EntryPoint\",\"urlTemplate\":\"http:\\\/\\\/www.cfppa.fr\\\/infocampus\\\/?s={search_term_string}\"},\"query-input\":{\"@type\":\"PropertyValueSpecification\",\"valueRequired\":true,\"valueName\":\"search_term_string\"}}],\"inLanguage\":\"fr-FR\"},{\"@type\":\"Organization\",\"@id\":\"http:\\\/\\\/www.cfppa.fr\\\/infocampus\\\/#organization\",\"name\":\"CFPPA de bourges\",\"url\":\"http:\\\/\\\/www.cfppa.fr\\\/infocampus\\\/\",\"logo\":{\"@type\":\"ImageObject\",\"inLanguage\":\"fr-FR\",\"@id\":\"http:\\\/\\\/www.cfppa.fr\\\/infocampus\\\/#\\\/schema\\\/logo\\\/image\\\/\",\"url\":\"https:\\\/\\\/www.cfppa.fr\\\/infocampus\\\/wp-content\\\/uploads\\\/2013\\\/09\\\/logo_ministerecfppa.png\",\"contentUrl\":\"https:\\\/\\\/www.cfppa.fr\\\/infocampus\\\/wp-content\\\/uploads\\\/2013\\\/09\\\/logo_ministerecfppa.png\",\"width\":1,\"height\":1,\"caption\":\"CFPPA de bourges\"},\"image\":{\"@id\":\"http:\\\/\\\/www.cfppa.fr\\\/infocampus\\\/#\\\/schema\\\/logo\\\/image\\\/\"}}]}<\/script>\n<!-- \/ Yoast SEO plugin. -->","yoast_head_json":{"title":"Fiche synth\u00e9tique - Info campus CFPPA","robots":{"index":"index","follow":"follow","max-snippet":"max-snippet:-1","max-image-preview":"max-image-preview:large","max-video-preview":"max-video-preview:-1"},"canonical":"http:\/\/www.cfppa.fr\/infocampus\/analyse-entreprise\/rapport-btsa-acse\/fiche-synthetique\/","og_locale":"fr_FR","og_type":"article","og_title":"Fiche synth\u00e9tique - Info campus CFPPA","og_description":"Fiche synth\u00e9tique de pr\u00e9sentation de l&#8217;entreprise agricole Nom de l&#8217;entreprise : Adresse : SAU : Nombre d&#8217;exploitant ou d&#8217;associ\u00e9 exploitant: Statut : individuelle ou soci\u00e9t\u00e9 si soci\u00e9t\u00e9 : r\u00e9partition des parts sociales r\u00e9partition du b\u00e9n\u00e9fice&nbsp; Chiffre d&#8217;affaires : EBE des 3 derniers exercices : Annuit\u00e9s des 3 derniers exercices &nbsp;et &hellip;","og_url":"http:\/\/www.cfppa.fr\/infocampus\/analyse-entreprise\/rapport-btsa-acse\/fiche-synthetique\/","og_site_name":"Info campus CFPPA","article_modified_time":"2020-08-14T10:06:05+00:00","twitter_misc":{"Dur\u00e9e de lecture estim\u00e9e":"1 minute"},"schema":{"@context":"https:\/\/schema.org","@graph":[{"@type":"WebPage","@id":"http:\/\/www.cfppa.fr\/infocampus\/analyse-entreprise\/rapport-btsa-acse\/fiche-synthetique\/","url":"http:\/\/www.cfppa.fr\/infocampus\/analyse-entreprise\/rapport-btsa-acse\/fiche-synthetique\/","name":"Fiche synth\u00e9tique - Info campus CFPPA","isPartOf":{"@id":"http:\/\/www.cfppa.fr\/infocampus\/#website"},"datePublished":"2013-09-23T05:44:07+00:00","dateModified":"2020-08-14T10:06:05+00:00","breadcrumb":{"@id":"http:\/\/www.cfppa.fr\/infocampus\/analyse-entreprise\/rapport-btsa-acse\/fiche-synthetique\/#breadcrumb"},"inLanguage":"fr-FR","potentialAction":[{"@type":"ReadAction","target":["http:\/\/www.cfppa.fr\/infocampus\/analyse-entreprise\/rapport-btsa-acse\/fiche-synthetique\/"]}]},{"@type":"BreadcrumbList","@id":"http:\/\/www.cfppa.fr\/infocampus\/analyse-entreprise\/rapport-btsa-acse\/fiche-synthetique\/#breadcrumb","itemListElement":[{"@type":"ListItem","position":1,"name":"Accueil","item":"http:\/\/www.cfppa.fr\/infocampus\/"},{"@type":"ListItem","position":2,"name":"Analyse entreprise","item":"https:\/\/www.cfppa.fr\/infocampus\/analyse-entreprise\/"},{"@type":"ListItem","position":3,"name":"Rapport BTSA ACSE","item":"https:\/\/www.cfppa.fr\/infocampus\/analyse-entreprise\/rapport-btsa-acse\/"},{"@type":"ListItem","position":4,"name":"Fiche synth\u00e9tique"}]},{"@type":"WebSite","@id":"http:\/\/www.cfppa.fr\/infocampus\/#website","url":"http:\/\/www.cfppa.fr\/infocampus\/","name":"Info campus CFPPA","description":"Un site \u00e0 la page","publisher":{"@id":"http:\/\/www.cfppa.fr\/infocampus\/#organization"},"potentialAction":[{"@type":"SearchAction","target":{"@type":"EntryPoint","urlTemplate":"http:\/\/www.cfppa.fr\/infocampus\/?s={search_term_string}"},"query-input":{"@type":"PropertyValueSpecification","valueRequired":true,"valueName":"search_term_string"}}],"inLanguage":"fr-FR"},{"@type":"Organization","@id":"http:\/\/www.cfppa.fr\/infocampus\/#organization","name":"CFPPA de bourges","url":"http:\/\/www.cfppa.fr\/infocampus\/","logo":{"@type":"ImageObject","inLanguage":"fr-FR","@id":"http:\/\/www.cfppa.fr\/infocampus\/#\/schema\/logo\/image\/","url":"https:\/\/www.cfppa.fr\/infocampus\/wp-content\/uploads\/2013\/09\/logo_ministerecfppa.png","contentUrl":"https:\/\/www.cfppa.fr\/infocampus\/wp-content\/uploads\/2013\/09\/logo_ministerecfppa.png","width":1,"height":1,"caption":"CFPPA de bourges"},"image":{"@id":"http:\/\/www.cfppa.fr\/infocampus\/#\/schema\/logo\/image\/"}}]}},"_links":{"self":[{"href":"https:\/\/www.cfppa.fr\/infocampus\/wp-json\/wp\/v2\/pages\/353","targetHints":{"allow":["GET"]}}],"collection":[{"href":"https:\/\/www.cfppa.fr\/infocampus\/wp-json\/wp\/v2\/pages"}],"about":[{"href":"https:\/\/www.cfppa.fr\/infocampus\/wp-json\/wp\/v2\/types\/page"}],"author":[{"embeddable":true,"href":"https:\/\/www.cfppa.fr\/infocampus\/wp-json\/wp\/v2\/users\/1"}],"replies":[{"embeddable":true,"href":"https:\/\/www.cfppa.fr\/infocampus\/wp-json\/wp\/v2\/comments?post=353"}],"version-history":[{"count":1,"href":"https:\/\/www.cfppa.fr\/infocampus\/wp-json\/wp\/v2\/pages\/353\/revisions"}],"predecessor-version":[{"id":2314,"href":"https:\/\/www.cfppa.fr\/infocampus\/wp-json\/wp\/v2\/pages\/353\/revisions\/2314"}],"up":[{"embeddable":true,"href":"https:\/\/www.cfppa.fr\/infocampus\/wp-json\/wp\/v2\/pages\/223"}],"wp:attachment":[{"href":"https:\/\/www.cfppa.fr\/infocampus\/wp-json\/wp\/v2\/media?parent=353"}],"curies":[{"name":"wp","href":"https:\/\/api.w.org\/{rel}","templated":true}]}}