{"id":1526,"date":"2015-01-02T16:34:12","date_gmt":"2015-01-02T15:34:12","guid":{"rendered":"http:\/\/www.cfppa.fr\/infocampus\/?page_id=1526"},"modified":"2020-08-14T11:39:11","modified_gmt":"2020-08-14T09:39:11","slug":"pac","status":"publish","type":"page","link":"https:\/\/www.cfppa.fr\/infocampus\/fichiers-bts\/pac\/","title":{"rendered":"PAC"},"content":{"rendered":"<p style=\"text-align: center;\">La politique Agricole Commune (PAC)<\/p>\n<p>Pr\u00e9ambule : <a href=\"http:\/\/www.iletaitunefoislapac.com\/enseignement\/index.php\">il \u00e9tait une fois la PAC<\/a><\/p>\n<p>1 <a href=\"http:\/\/www.dailymotion.com\/video\/x7ej99_il-etait-une-fois-la-pac-chapitre-1_news\">Le trait\u00e9 de Rome <\/a>\u00a0et ces cons\u00e9quences (damien julien alice)<\/p>\n<p>2 <a href=\"http:\/\/www.dailymotion.com\/video\/x7ejnu_il-etait-une-fois-la-pac-chapitre-4_news?from_related=related.page.int.no-related.f824618a469673870deaa391fc4fe397142021324\" target=\"_blank\" rel=\"noopener noreferrer\">Le co\u00fbt <\/a>: est ses r\u00e9percussions (sur le pouvoir d&#8217;achat des consommateurs) (corentin lucille)<\/p>\n<p>3 L&#8217;OMC<a href=\"http:\/\/www.dailymotion.com\/video\/x7ejrg_il-etait-une-fois-la-pac-chapitre-5_news\" target=\"_blank\" rel=\"noopener noreferrer\"> et PAC<\/a> : (logan)<\/p>\n<p>4: Les<a href=\"http:\/\/www.iletaitunefoislapac.com\/\" target=\"_blank\" rel=\"noopener noreferrer\"> enjeux de la PAC de demain<\/a>\u00a0(vincent ronan)<\/p>\n<p style=\"text-align: center;\"><a href=\"http:\/\/www.cerfrance-alliancecentre.fr\/reforme-pac-2015\">La r\u00e9forme de la PAC (cer alliance centre )<\/a><\/p>\n<p>5 Le 1er pilier et <a href=\"http:\/\/agriculture.gouv.fr\/verdissement-pac-2015-2020\">son \u00e9volution<\/a>\u00a0(louis gabriel)<\/p>\n<p>6 Le second pilier et son \u00e9volution \u00a0(cynthia et laurenne)<\/p>\n<p>7 Les MAEC et leur gestion r\u00e9gionale (cindy marlena)<\/p>\n<p>&nbsp;<\/p>\n<p>&nbsp;<\/p>\n","protected":false},"excerpt":{"rendered":"<p>La politique Agricole Commune (PAC) Pr\u00e9ambule : il \u00e9tait une fois la PAC 1 Le trait\u00e9 de Rome \u00a0et ces cons\u00e9quences (damien julien alice) 2 Le co\u00fbt : est ses r\u00e9percussions (sur le pouvoir d&#8217;achat des consommateurs) (corentin lucille) 3 L&#8217;OMC et PAC : (logan) 4: Les enjeux de la &hellip;<\/p>\n","protected":false},"author":1,"featured_media":0,"parent":1254,"menu_order":0,"comment_status":"open","ping_status":"open","template":"","meta":{"_crdt_document":"","footnotes":""},"class_list":["post-1526","page","type-page","status-publish","hentry"],"yoast_head":"<!-- This site is optimized with the Yoast SEO plugin v27.4 - https:\/\/yoast.com\/product\/yoast-seo-wordpress\/ -->\n<title>PAC - Info campus CFPPA<\/title>\n<meta name=\"description\" content=\"PAC du d\u00e9but \u00e0 aujourd&#039;hui ! ou comment orienter les productions agricoles et le d\u00e9veloppement des territoire ruraux\" \/>\n<meta name=\"robots\" content=\"index, follow, max-snippet:-1, max-image-preview:large, max-video-preview:-1\" \/>\n<link rel=\"canonical\" href=\"https:\/\/www.cfppa.fr\/infocampus\/fichiers-bts\/pac\/\" \/>\n<meta property=\"og:locale\" content=\"fr_FR\" \/>\n<meta property=\"og:type\" content=\"article\" \/>\n<meta property=\"og:title\" content=\"PAC - Info campus CFPPA\" \/>\n<meta property=\"og:description\" content=\"PAC du d\u00e9but \u00e0 aujourd&#039;hui ! ou comment orienter les productions agricoles et le d\u00e9veloppement des territoire ruraux\" \/>\n<meta property=\"og:url\" content=\"https:\/\/www.cfppa.fr\/infocampus\/fichiers-bts\/pac\/\" \/>\n<meta property=\"og:site_name\" content=\"Info campus CFPPA\" \/>\n<meta property=\"article:modified_time\" content=\"2020-08-14T09:39:11+00:00\" \/>\n<script type=\"application\/ld+json\" class=\"yoast-schema-graph\">{\"@context\":\"https:\\\/\\\/schema.org\",\"@graph\":[{\"@type\":\"WebPage\",\"@id\":\"https:\\\/\\\/www.cfppa.fr\\\/infocampus\\\/fichiers-bts\\\/pac\\\/\",\"url\":\"https:\\\/\\\/www.cfppa.fr\\\/infocampus\\\/fichiers-bts\\\/pac\\\/\",\"name\":\"PAC - Info campus CFPPA\",\"isPartOf\":{\"@id\":\"http:\\\/\\\/www.cfppa.fr\\\/infocampus\\\/#website\"},\"datePublished\":\"2015-01-02T15:34:12+00:00\",\"dateModified\":\"2020-08-14T09:39:11+00:00\",\"description\":\"PAC du d\u00e9but \u00e0 aujourd'hui ! ou comment orienter les productions agricoles et le d\u00e9veloppement des territoire ruraux\",\"breadcrumb\":{\"@id\":\"https:\\\/\\\/www.cfppa.fr\\\/infocampus\\\/fichiers-bts\\\/pac\\\/#breadcrumb\"},\"inLanguage\":\"fr-FR\",\"potentialAction\":[{\"@type\":\"ReadAction\",\"target\":[\"https:\\\/\\\/www.cfppa.fr\\\/infocampus\\\/fichiers-bts\\\/pac\\\/\"]}]},{\"@type\":\"BreadcrumbList\",\"@id\":\"https:\\\/\\\/www.cfppa.fr\\\/infocampus\\\/fichiers-bts\\\/pac\\\/#breadcrumb\",\"itemListElement\":[{\"@type\":\"ListItem\",\"position\":1,\"name\":\"Accueil\",\"item\":\"http:\\\/\\\/www.cfppa.fr\\\/infocampus\\\/\"},{\"@type\":\"ListItem\",\"position\":2,\"name\":\"Prot\u00e9g\u00e9\u00a0: Fichiers BTS\",\"item\":\"http:\\\/\\\/www.cfppa.fr\\\/infocampus\\\/fichiers-bts\\\/\"},{\"@type\":\"ListItem\",\"position\":3,\"name\":\"PAC\"}]},{\"@type\":\"WebSite\",\"@id\":\"http:\\\/\\\/www.cfppa.fr\\\/infocampus\\\/#website\",\"url\":\"http:\\\/\\\/www.cfppa.fr\\\/infocampus\\\/\",\"name\":\"Info campus CFPPA\",\"description\":\"Un site \u00e0 la page\",\"publisher\":{\"@id\":\"http:\\\/\\\/www.cfppa.fr\\\/infocampus\\\/#organization\"},\"potentialAction\":[{\"@type\":\"SearchAction\",\"target\":{\"@type\":\"EntryPoint\",\"urlTemplate\":\"http:\\\/\\\/www.cfppa.fr\\\/infocampus\\\/?s={search_term_string}\"},\"query-input\":{\"@type\":\"PropertyValueSpecification\",\"valueRequired\":true,\"valueName\":\"search_term_string\"}}],\"inLanguage\":\"fr-FR\"},{\"@type\":\"Organization\",\"@id\":\"http:\\\/\\\/www.cfppa.fr\\\/infocampus\\\/#organization\",\"name\":\"CFPPA de bourges\",\"url\":\"http:\\\/\\\/www.cfppa.fr\\\/infocampus\\\/\",\"logo\":{\"@type\":\"ImageObject\",\"inLanguage\":\"fr-FR\",\"@id\":\"http:\\\/\\\/www.cfppa.fr\\\/infocampus\\\/#\\\/schema\\\/logo\\\/image\\\/\",\"url\":\"https:\\\/\\\/www.cfppa.fr\\\/infocampus\\\/wp-content\\\/uploads\\\/2013\\\/09\\\/logo_ministerecfppa.png\",\"contentUrl\":\"https:\\\/\\\/www.cfppa.fr\\\/infocampus\\\/wp-content\\\/uploads\\\/2013\\\/09\\\/logo_ministerecfppa.png\",\"width\":1,\"height\":1,\"caption\":\"CFPPA de bourges\"},\"image\":{\"@id\":\"http:\\\/\\\/www.cfppa.fr\\\/infocampus\\\/#\\\/schema\\\/logo\\\/image\\\/\"}}]}<\/script>\n<!-- \/ Yoast SEO plugin. -->","yoast_head_json":{"title":"PAC - Info campus CFPPA","description":"PAC du d\u00e9but \u00e0 aujourd'hui ! ou comment orienter les productions agricoles et le d\u00e9veloppement des territoire ruraux","robots":{"index":"index","follow":"follow","max-snippet":"max-snippet:-1","max-image-preview":"max-image-preview:large","max-video-preview":"max-video-preview:-1"},"canonical":"https:\/\/www.cfppa.fr\/infocampus\/fichiers-bts\/pac\/","og_locale":"fr_FR","og_type":"article","og_title":"PAC - Info campus CFPPA","og_description":"PAC du d\u00e9but \u00e0 aujourd'hui ! ou comment orienter les productions agricoles et le d\u00e9veloppement des territoire ruraux","og_url":"https:\/\/www.cfppa.fr\/infocampus\/fichiers-bts\/pac\/","og_site_name":"Info campus CFPPA","article_modified_time":"2020-08-14T09:39:11+00:00","schema":{"@context":"https:\/\/schema.org","@graph":[{"@type":"WebPage","@id":"https:\/\/www.cfppa.fr\/infocampus\/fichiers-bts\/pac\/","url":"https:\/\/www.cfppa.fr\/infocampus\/fichiers-bts\/pac\/","name":"PAC - Info campus CFPPA","isPartOf":{"@id":"http:\/\/www.cfppa.fr\/infocampus\/#website"},"datePublished":"2015-01-02T15:34:12+00:00","dateModified":"2020-08-14T09:39:11+00:00","description":"PAC du d\u00e9but \u00e0 aujourd'hui ! ou comment orienter les productions agricoles et le d\u00e9veloppement des territoire ruraux","breadcrumb":{"@id":"https:\/\/www.cfppa.fr\/infocampus\/fichiers-bts\/pac\/#breadcrumb"},"inLanguage":"fr-FR","potentialAction":[{"@type":"ReadAction","target":["https:\/\/www.cfppa.fr\/infocampus\/fichiers-bts\/pac\/"]}]},{"@type":"BreadcrumbList","@id":"https:\/\/www.cfppa.fr\/infocampus\/fichiers-bts\/pac\/#breadcrumb","itemListElement":[{"@type":"ListItem","position":1,"name":"Accueil","item":"http:\/\/www.cfppa.fr\/infocampus\/"},{"@type":"ListItem","position":2,"name":"Prot\u00e9g\u00e9\u00a0: Fichiers BTS","item":"http:\/\/www.cfppa.fr\/infocampus\/fichiers-bts\/"},{"@type":"ListItem","position":3,"name":"PAC"}]},{"@type":"WebSite","@id":"http:\/\/www.cfppa.fr\/infocampus\/#website","url":"http:\/\/www.cfppa.fr\/infocampus\/","name":"Info campus CFPPA","description":"Un site \u00e0 la page","publisher":{"@id":"http:\/\/www.cfppa.fr\/infocampus\/#organization"},"potentialAction":[{"@type":"SearchAction","target":{"@type":"EntryPoint","urlTemplate":"http:\/\/www.cfppa.fr\/infocampus\/?s={search_term_string}"},"query-input":{"@type":"PropertyValueSpecification","valueRequired":true,"valueName":"search_term_string"}}],"inLanguage":"fr-FR"},{"@type":"Organization","@id":"http:\/\/www.cfppa.fr\/infocampus\/#organization","name":"CFPPA de bourges","url":"http:\/\/www.cfppa.fr\/infocampus\/","logo":{"@type":"ImageObject","inLanguage":"fr-FR","@id":"http:\/\/www.cfppa.fr\/infocampus\/#\/schema\/logo\/image\/","url":"https:\/\/www.cfppa.fr\/infocampus\/wp-content\/uploads\/2013\/09\/logo_ministerecfppa.png","contentUrl":"https:\/\/www.cfppa.fr\/infocampus\/wp-content\/uploads\/2013\/09\/logo_ministerecfppa.png","width":1,"height":1,"caption":"CFPPA de bourges"},"image":{"@id":"http:\/\/www.cfppa.fr\/infocampus\/#\/schema\/logo\/image\/"}}]}},"_links":{"self":[{"href":"https:\/\/www.cfppa.fr\/infocampus\/wp-json\/wp\/v2\/pages\/1526","targetHints":{"allow":["GET"]}}],"collection":[{"href":"https:\/\/www.cfppa.fr\/infocampus\/wp-json\/wp\/v2\/pages"}],"about":[{"href":"https:\/\/www.cfppa.fr\/infocampus\/wp-json\/wp\/v2\/types\/page"}],"author":[{"embeddable":true,"href":"https:\/\/www.cfppa.fr\/infocampus\/wp-json\/wp\/v2\/users\/1"}],"replies":[{"embeddable":true,"href":"https:\/\/www.cfppa.fr\/infocampus\/wp-json\/wp\/v2\/comments?post=1526"}],"version-history":[{"count":1,"href":"https:\/\/www.cfppa.fr\/infocampus\/wp-json\/wp\/v2\/pages\/1526\/revisions"}],"predecessor-version":[{"id":2308,"href":"https:\/\/www.cfppa.fr\/infocampus\/wp-json\/wp\/v2\/pages\/1526\/revisions\/2308"}],"up":[{"embeddable":true,"href":"https:\/\/www.cfppa.fr\/infocampus\/wp-json\/wp\/v2\/pages\/1254"}],"wp:attachment":[{"href":"https:\/\/www.cfppa.fr\/infocampus\/wp-json\/wp\/v2\/media?parent=1526"}],"curies":[{"name":"wp","href":"https:\/\/api.w.org\/{rel}","templated":true}]}}

<p style="text-align: center;">La politique Agricole Commune (PAC)</p>
<p>Préambule : <a href="http://www.iletaitunefoislapac.com/enseignement/index.php">il était une fois la PAC</a></p>
<p>1 <a href="http://www.dailymotion.com/video/x7ej99_il-etait-une-fois-la-pac-chapitre-1_news">Le traité de Rome </a> et ces conséquences (damien julien alice)</p>
<p>2 <a href="http://www.dailymotion.com/video/x7ejnu_il-etait-une-fois-la-pac-chapitre-4_news?from_related=related.page.int.no-related.f824618a469673870deaa391fc4fe397142021324" target="_blank" rel="noopener noreferrer">Le coût </a>: est ses répercussions (sur le pouvoir d&#8217;achat des consommateurs) (corentin lucille)</p>
<p>3 L&#8217;OMC<a href="http://www.dailymotion.com/video/x7ejrg_il-etait-une-fois-la-pac-chapitre-5_news" target="_blank" rel="noopener noreferrer"> et PAC</a> : (logan)</p>
<p>4: Les<a href="http://www.iletaitunefoislapac.com/" target="_blank" rel="noopener noreferrer"> enjeux de la PAC de demain</a> (vincent ronan)</p>
<p style="text-align: center;"><a href="http://www.cerfrance-alliancecentre.fr/reforme-pac-2015">La réforme de la PAC (cer alliance centre )</a></p>
<p>5 Le 1er pilier et <a href="http://agriculture.gouv.fr/verdissement-pac-2015-2020">son évolution</a> (louis gabriel)</p>
<p>6 Le second pilier et son évolution  (cynthia et laurenne)</p>
<p>7 Les MAEC et leur gestion régionale (cindy marlena)</p>
<p>&nbsp;</p>
<p>&nbsp;</p>

<p>La politique Agricole Commune (PAC) Préambule : il était une fois la PAC 1 Le traité de Rome  et ces conséquences (damien julien alice) 2 Le coût : est ses répercussions (sur le pouvoir d&#8217;achat des consommateurs) (corentin lucille) 3 L&#8217;OMC et PAC : (logan) 4: Les enjeux de la &hellip;</p>

<!-- This site is optimized with the Yoast SEO plugin v27.4 - https://yoast.com/product/yoast-seo-wordpress/ -->
<title>PAC - Info campus CFPPA</title>
<meta name="description" content="PAC du début à aujourd&#039;hui ! ou comment orienter les productions agricoles et le développement des territoire ruraux" />
<meta name="robots" content="index, follow, max-snippet:-1, max-image-preview:large, max-video-preview:-1" />
<link rel="canonical" href="https://www.cfppa.fr/infocampus/fichiers-bts/pac/" />
<meta property="og:locale" content="fr_FR" />
<meta property="og:type" content="article" />
<meta property="og:title" content="PAC - Info campus CFPPA" />
<meta property="og:description" content="PAC du début à aujourd&#039;hui ! ou comment orienter les productions agricoles et le développement des territoire ruraux" />
<meta property="og:url" content="https://www.cfppa.fr/infocampus/fichiers-bts/pac/" />
<meta property="og:site_name" content="Info campus CFPPA" />
<meta property="article:modified_time" content="2020-08-14T09:39:11+00:00" />
<script type="application/ld+json" class="yoast-schema-graph">{"@context":"https:\/\/schema.org","@graph":[{"@type":"WebPage","@id":"https:\/\/www.cfppa.fr\/infocampus\/fichiers-bts\/pac\/","url":"https:\/\/www.cfppa.fr\/infocampus\/fichiers-bts\/pac\/","name":"PAC - Info campus CFPPA","isPartOf":{"@id":"http:\/\/www.cfppa.fr\/infocampus\/#website"},"datePublished":"2015-01-02T15:34:12+00:00","dateModified":"2020-08-14T09:39:11+00:00","description":"PAC du début à aujourd'hui ! ou comment orienter les productions agricoles et le développement des territoire ruraux","breadcrumb":{"@id":"https:\/\/www.cfppa.fr\/infocampus\/fichiers-bts\/pac\/#breadcrumb"},"inLanguage":"fr-FR","potentialAction":[{"@type":"ReadAction","target":["https:\/\/www.cfppa.fr\/infocampus\/fichiers-bts\/pac\/"]}]},{"@type":"BreadcrumbList","@id":"https:\/\/www.cfppa.fr\/infocampus\/fichiers-bts\/pac\/#breadcrumb","itemListElement":[{"@type":"ListItem","position":1,"name":"Accueil","item":"http:\/\/www.cfppa.fr\/infocampus\/"},{"@type":"ListItem","position":2,"name":"Protégé : Fichiers BTS","item":"http:\/\/www.cfppa.fr\/infocampus\/fichiers-bts\/"},{"@type":"ListItem","position":3,"name":"PAC"}]},{"@type":"WebSite","@id":"http:\/\/www.cfppa.fr\/infocampus\/#website","url":"http:\/\/www.cfppa.fr\/infocampus\/","name":"Info campus CFPPA","description":"Un site à la page","publisher":{"@id":"http:\/\/www.cfppa.fr\/infocampus\/#organization"},"potentialAction":[{"@type":"SearchAction","target":{"@type":"EntryPoint","urlTemplate":"http:\/\/www.cfppa.fr\/infocampus\/?s={search_term_string}"},"query-input":{"@type":"PropertyValueSpecification","valueRequired":true,"valueName":"search_term_string"}}],"inLanguage":"fr-FR"},{"@type":"Organization","@id":"http:\/\/www.cfppa.fr\/infocampus\/#organization","name":"CFPPA de bourges","url":"http:\/\/www.cfppa.fr\/infocampus\/","logo":{"@type":"ImageObject","inLanguage":"fr-FR","@id":"http:\/\/www.cfppa.fr\/infocampus\/#\/schema\/logo\/image\/","url":"https:\/\/www.cfppa.fr\/infocampus\/wp-content\/uploads\/2013\/09\/logo_ministerecfppa.png","contentUrl":"https:\/\/www.cfppa.fr\/infocampus\/wp-content\/uploads\/2013\/09\/logo_ministerecfppa.png","width":1,"height":1,"caption":"CFPPA de bourges"},"image":{"@id":"http:\/\/www.cfppa.fr\/infocampus\/#\/schema\/logo\/image\/"}}]}</script>
<!-- / Yoast SEO plugin. -->

PAC du début à aujourd'hui ! ou comment orienter les productions agricoles et le développement des territoire ruraux

Protégé : Fichiers BTS

Un site à la page
