{"id":1406,"date":"2014-12-09T06:03:55","date_gmt":"2014-12-09T05:03:55","guid":{"rendered":"http:\/\/www.cfppa.fr\/infocampus\/?page_id=1406"},"modified":"2014-12-09T07:11:06","modified_gmt":"2014-12-09T06:11:06","slug":"document-unique","status":"publish","type":"page","link":"https:\/\/www.cfppa.fr\/infocampus\/gestion-des-risques\/analyse-entreprise-2\/document-unique\/","title":{"rendered":"Document Unique"},"content":{"rendered":"<p>Le Document Unique une obligation depuis 2002, pour toute entreprise qui accueille \u00a0des salari\u00e9s, des apprentis, des stagiaires .<\/p>\n<p>Le principe rep\u00e9rer les risques et mettre en place un plan d&#8217;action de pr\u00e9vention<\/p>\n<div class=\"bloc_liste\">\n<p class=\"titre_liste\">ce qu\u2019il peut contenir<\/p>\n<ul>\n<li>Une <strong>identification des dangers<\/strong><\/li>\n<\/ul>\n<p>C\u2019est l\u2019inventaire exig\u00e9 par la loi. Il s\u2019agit de rep\u00e9rer les dangers c\u2019est-\u00e0-dire les propri\u00e9t\u00e9s ou les capacit\u00e9s intrins\u00e8ques d\u2019un \u00e9quipement, d\u2019une substance, d\u2019une m\u00e9thode de travail, qui pourraient causer un dommage \u00e0 la sant\u00e9 des salari\u00e9s. Il s\u2019agit aussi d\u2019analyser les risques, et donc d\u2019\u00e9tudier les conditions d\u2019exposition du personnel \u00e0 ces dangers.<\/p>\n<ul>\n<li>Une <strong>hi\u00e9rarchisation des risques<\/strong><\/li>\n<\/ul>\n<p>Les risques identifi\u00e9s, not\u00e9s selon les crit\u00e8res (Fr\u00e9quence, Gravit\u00e9) sont ensuite class\u00e9s. Le classement permet d\u2019\u00e9tablir les priorit\u00e9s et de planifier les actions de pr\u00e9vention.<\/p>\n<ul>\n<li>Des <strong>propositions d\u2019actions de pr\u00e9vention<\/strong><\/li>\n<\/ul>\n<p>&nbsp;<\/p>\n<\/div>\n<p>Le document doit, certes, satisfaire les exigences r\u00e9glementaires mais il doit surtout \u00eatre pleinement utile \u00e0 la d\u00e9finition d\u2019un plan d\u2019actions en pr\u00e9vention. Il pourra par exemple \u00eatre utile de conserver la trace des modalit\u00e9s d\u2019analyse des risques pour assurer plus facilement le suivi et la mise \u00e0 jour du <span class=\"definition tooltipParent\" tabindex=\"0\" title=\"Transposition, par \u00e9crit, de l\u2019\u00e9valuation des risques, impos\u00e9e \u00e0 tout employeur par le Code du travail\">document unique<\/span>, selon les m\u00eames m\u00e9thodes que celles qui ont guid\u00e9 sa cr\u00e9ation. Il sera aussi utile de le dater, ce afin d\u2019effectuer sa r\u00e9actualisation chaque ann\u00e9e, mais aussi lors de toute d\u00e9cision d\u2019am\u00e9nagement important, ou encore lorsqu\u2019une information suppl\u00e9mentaire concernant l\u2019\u00e9valuation d\u2019un risque est recueillie.<\/p>\n<p>Des infos sur le site de<a title=\"INRS\" href=\"http:\/\/www.inrs.fr\/accueil\/demarche\/evaluation-risques\/document-unique.html\" target=\"_blank\"> l&#8217;INRS<\/a><\/p>\n<p>&nbsp;<\/p>\n<p><a title=\"document unique \" href=\"http:\/\/www.cfppa.fr\/infocampus\/wp-content\/uploads\/2014\/12\/Document-unique-tableau.xlsx\" target=\"_blank\">Votre base excel de votre document unique\u00a0<\/a><\/p>\n<!-- WP Attachments -->\r\n        <div style=\"width:100%;margin:10px 0 10px 0;\">\r\n            <h3>Attachments<\/h3>\r\n        <ul class=\"post-attachments\"><li class=\"post-attachment mime-application-vnd-openxmlformats-officedocument-spreadsheetml-sheet\"><a href=\"https:\/\/www.cfppa.fr\/infocampus\/wp-content\/uploads\/2014\/12\/Document-unique-tableau.xlsx\">Document unique tableau<\/a> <small>(67 kB)<\/small><\/li><\/ul><\/div>","protected":false},"excerpt":{"rendered":"<p>Le Document Unique une obligation depuis 2002, pour toute entreprise qui accueille \u00a0des salari\u00e9s, des apprentis, des stagiaires . Le principe rep\u00e9rer les risques et mettre en place un plan d&#8217;action de pr\u00e9vention ce qu\u2019il peut contenir Une identification des dangers C\u2019est l\u2019inventaire exig\u00e9 par la loi. Il s\u2019agit de &hellip;<\/p>\n","protected":false},"author":1,"featured_media":0,"parent":1228,"menu_order":0,"comment_status":"open","ping_status":"open","template":"","meta":{"_crdt_document":"","footnotes":""},"class_list":["post-1406","page","type-page","status-publish","hentry"],"yoast_head":"<!-- This site is optimized with the Yoast SEO plugin v27.4 - https:\/\/yoast.com\/product\/yoast-seo-wordpress\/ -->\n<title>Document Unique  - Info campus CFPPA<\/title>\n<meta name=\"description\" content=\"Le document unique, un document obligatoire qui permet d&#039;identifier les risque et ainsi de se prot\u00e9ger surtout dans une TPE comme une exploitation agricole\" \/>\n<meta name=\"robots\" content=\"index, follow, max-snippet:-1, max-image-preview:large, max-video-preview:-1\" \/>\n<link rel=\"canonical\" href=\"https:\/\/www.cfppa.fr\/infocampus\/gestion-des-risques\/analyse-entreprise-2\/document-unique\/\" \/>\n<meta property=\"og:locale\" content=\"fr_FR\" \/>\n<meta property=\"og:type\" content=\"article\" \/>\n<meta property=\"og:title\" content=\"Document Unique  - Info campus CFPPA\" \/>\n<meta property=\"og:description\" content=\"Le document unique, un document obligatoire qui permet d&#039;identifier les risque et ainsi de se prot\u00e9ger surtout dans une TPE comme une exploitation agricole\" \/>\n<meta property=\"og:url\" content=\"https:\/\/www.cfppa.fr\/infocampus\/gestion-des-risques\/analyse-entreprise-2\/document-unique\/\" \/>\n<meta property=\"og:site_name\" content=\"Info campus CFPPA\" \/>\n<meta property=\"article:modified_time\" content=\"2014-12-09T06:11:06+00:00\" \/>\n<meta name=\"twitter:label1\" content=\"Dur\u00e9e de lecture estim\u00e9e\" \/>\n\t<meta name=\"twitter:data1\" content=\"1 minute\" \/>\n<script type=\"application\/ld+json\" class=\"yoast-schema-graph\">{\"@context\":\"https:\\\/\\\/schema.org\",\"@graph\":[{\"@type\":\"WebPage\",\"@id\":\"https:\\\/\\\/www.cfppa.fr\\\/infocampus\\\/gestion-des-risques\\\/analyse-entreprise-2\\\/document-unique\\\/\",\"url\":\"https:\\\/\\\/www.cfppa.fr\\\/infocampus\\\/gestion-des-risques\\\/analyse-entreprise-2\\\/document-unique\\\/\",\"name\":\"Document Unique - Info campus CFPPA\",\"isPartOf\":{\"@id\":\"http:\\\/\\\/www.cfppa.fr\\\/infocampus\\\/#website\"},\"datePublished\":\"2014-12-09T05:03:55+00:00\",\"dateModified\":\"2014-12-09T06:11:06+00:00\",\"description\":\"Le document unique, un document obligatoire qui permet d'identifier les risque et ainsi de se prot\u00e9ger surtout dans une TPE comme une exploitation agricole\",\"breadcrumb\":{\"@id\":\"https:\\\/\\\/www.cfppa.fr\\\/infocampus\\\/gestion-des-risques\\\/analyse-entreprise-2\\\/document-unique\\\/#breadcrumb\"},\"inLanguage\":\"fr-FR\",\"potentialAction\":[{\"@type\":\"ReadAction\",\"target\":[\"https:\\\/\\\/www.cfppa.fr\\\/infocampus\\\/gestion-des-risques\\\/analyse-entreprise-2\\\/document-unique\\\/\"]}]},{\"@type\":\"BreadcrumbList\",\"@id\":\"https:\\\/\\\/www.cfppa.fr\\\/infocampus\\\/gestion-des-risques\\\/analyse-entreprise-2\\\/document-unique\\\/#breadcrumb\",\"itemListElement\":[{\"@type\":\"ListItem\",\"position\":1,\"name\":\"Accueil\",\"item\":\"http:\\\/\\\/www.cfppa.fr\\\/infocampus\\\/\"},{\"@type\":\"ListItem\",\"position\":2,\"name\":\"Prot\u00e9g\u00e9\u00a0: Gestion des risques\",\"item\":\"https:\\\/\\\/www.cfppa.fr\\\/infocampus\\\/gestion-des-risques\\\/\"},{\"@type\":\"ListItem\",\"position\":3,\"name\":\"Analyse entreprise\",\"item\":\"https:\\\/\\\/www.cfppa.fr\\\/infocampus\\\/gestion-des-risques\\\/analyse-entreprise-2\\\/\"},{\"@type\":\"ListItem\",\"position\":4,\"name\":\"Document Unique\"}]},{\"@type\":\"WebSite\",\"@id\":\"http:\\\/\\\/www.cfppa.fr\\\/infocampus\\\/#website\",\"url\":\"http:\\\/\\\/www.cfppa.fr\\\/infocampus\\\/\",\"name\":\"Info campus CFPPA\",\"description\":\"Un site \u00e0 la page\",\"publisher\":{\"@id\":\"http:\\\/\\\/www.cfppa.fr\\\/infocampus\\\/#organization\"},\"potentialAction\":[{\"@type\":\"SearchAction\",\"target\":{\"@type\":\"EntryPoint\",\"urlTemplate\":\"http:\\\/\\\/www.cfppa.fr\\\/infocampus\\\/?s={search_term_string}\"},\"query-input\":{\"@type\":\"PropertyValueSpecification\",\"valueRequired\":true,\"valueName\":\"search_term_string\"}}],\"inLanguage\":\"fr-FR\"},{\"@type\":\"Organization\",\"@id\":\"http:\\\/\\\/www.cfppa.fr\\\/infocampus\\\/#organization\",\"name\":\"CFPPA de bourges\",\"url\":\"http:\\\/\\\/www.cfppa.fr\\\/infocampus\\\/\",\"logo\":{\"@type\":\"ImageObject\",\"inLanguage\":\"fr-FR\",\"@id\":\"http:\\\/\\\/www.cfppa.fr\\\/infocampus\\\/#\\\/schema\\\/logo\\\/image\\\/\",\"url\":\"https:\\\/\\\/www.cfppa.fr\\\/infocampus\\\/wp-content\\\/uploads\\\/2013\\\/09\\\/logo_ministerecfppa.png\",\"contentUrl\":\"https:\\\/\\\/www.cfppa.fr\\\/infocampus\\\/wp-content\\\/uploads\\\/2013\\\/09\\\/logo_ministerecfppa.png\",\"width\":1,\"height\":1,\"caption\":\"CFPPA de bourges\"},\"image\":{\"@id\":\"http:\\\/\\\/www.cfppa.fr\\\/infocampus\\\/#\\\/schema\\\/logo\\\/image\\\/\"}}]}<\/script>\n<!-- \/ Yoast SEO plugin. -->","yoast_head_json":{"title":"Document Unique  - Info campus CFPPA","description":"Le document unique, un document obligatoire qui permet d'identifier les risque et ainsi de se prot\u00e9ger surtout dans une TPE comme une exploitation agricole","robots":{"index":"index","follow":"follow","max-snippet":"max-snippet:-1","max-image-preview":"max-image-preview:large","max-video-preview":"max-video-preview:-1"},"canonical":"https:\/\/www.cfppa.fr\/infocampus\/gestion-des-risques\/analyse-entreprise-2\/document-unique\/","og_locale":"fr_FR","og_type":"article","og_title":"Document Unique  - Info campus CFPPA","og_description":"Le document unique, un document obligatoire qui permet d'identifier les risque et ainsi de se prot\u00e9ger surtout dans une TPE comme une exploitation agricole","og_url":"https:\/\/www.cfppa.fr\/infocampus\/gestion-des-risques\/analyse-entreprise-2\/document-unique\/","og_site_name":"Info campus CFPPA","article_modified_time":"2014-12-09T06:11:06+00:00","twitter_misc":{"Dur\u00e9e de lecture estim\u00e9e":"1 minute"},"schema":{"@context":"https:\/\/schema.org","@graph":[{"@type":"WebPage","@id":"https:\/\/www.cfppa.fr\/infocampus\/gestion-des-risques\/analyse-entreprise-2\/document-unique\/","url":"https:\/\/www.cfppa.fr\/infocampus\/gestion-des-risques\/analyse-entreprise-2\/document-unique\/","name":"Document Unique - Info campus CFPPA","isPartOf":{"@id":"http:\/\/www.cfppa.fr\/infocampus\/#website"},"datePublished":"2014-12-09T05:03:55+00:00","dateModified":"2014-12-09T06:11:06+00:00","description":"Le document unique, un document obligatoire qui permet d'identifier les risque et ainsi de se prot\u00e9ger surtout dans une TPE comme une exploitation agricole","breadcrumb":{"@id":"https:\/\/www.cfppa.fr\/infocampus\/gestion-des-risques\/analyse-entreprise-2\/document-unique\/#breadcrumb"},"inLanguage":"fr-FR","potentialAction":[{"@type":"ReadAction","target":["https:\/\/www.cfppa.fr\/infocampus\/gestion-des-risques\/analyse-entreprise-2\/document-unique\/"]}]},{"@type":"BreadcrumbList","@id":"https:\/\/www.cfppa.fr\/infocampus\/gestion-des-risques\/analyse-entreprise-2\/document-unique\/#breadcrumb","itemListElement":[{"@type":"ListItem","position":1,"name":"Accueil","item":"http:\/\/www.cfppa.fr\/infocampus\/"},{"@type":"ListItem","position":2,"name":"Prot\u00e9g\u00e9\u00a0: Gestion des risques","item":"https:\/\/www.cfppa.fr\/infocampus\/gestion-des-risques\/"},{"@type":"ListItem","position":3,"name":"Analyse entreprise","item":"https:\/\/www.cfppa.fr\/infocampus\/gestion-des-risques\/analyse-entreprise-2\/"},{"@type":"ListItem","position":4,"name":"Document Unique"}]},{"@type":"WebSite","@id":"http:\/\/www.cfppa.fr\/infocampus\/#website","url":"http:\/\/www.cfppa.fr\/infocampus\/","name":"Info campus CFPPA","description":"Un site \u00e0 la page","publisher":{"@id":"http:\/\/www.cfppa.fr\/infocampus\/#organization"},"potentialAction":[{"@type":"SearchAction","target":{"@type":"EntryPoint","urlTemplate":"http:\/\/www.cfppa.fr\/infocampus\/?s={search_term_string}"},"query-input":{"@type":"PropertyValueSpecification","valueRequired":true,"valueName":"search_term_string"}}],"inLanguage":"fr-FR"},{"@type":"Organization","@id":"http:\/\/www.cfppa.fr\/infocampus\/#organization","name":"CFPPA de bourges","url":"http:\/\/www.cfppa.fr\/infocampus\/","logo":{"@type":"ImageObject","inLanguage":"fr-FR","@id":"http:\/\/www.cfppa.fr\/infocampus\/#\/schema\/logo\/image\/","url":"https:\/\/www.cfppa.fr\/infocampus\/wp-content\/uploads\/2013\/09\/logo_ministerecfppa.png","contentUrl":"https:\/\/www.cfppa.fr\/infocampus\/wp-content\/uploads\/2013\/09\/logo_ministerecfppa.png","width":1,"height":1,"caption":"CFPPA de bourges"},"image":{"@id":"http:\/\/www.cfppa.fr\/infocampus\/#\/schema\/logo\/image\/"}}]}},"_links":{"self":[{"href":"https:\/\/www.cfppa.fr\/infocampus\/wp-json\/wp\/v2\/pages\/1406","targetHints":{"allow":["GET"]}}],"collection":[{"href":"https:\/\/www.cfppa.fr\/infocampus\/wp-json\/wp\/v2\/pages"}],"about":[{"href":"https:\/\/www.cfppa.fr\/infocampus\/wp-json\/wp\/v2\/types\/page"}],"author":[{"embeddable":true,"href":"https:\/\/www.cfppa.fr\/infocampus\/wp-json\/wp\/v2\/users\/1"}],"replies":[{"embeddable":true,"href":"https:\/\/www.cfppa.fr\/infocampus\/wp-json\/wp\/v2\/comments?post=1406"}],"version-history":[{"count":0,"href":"https:\/\/www.cfppa.fr\/infocampus\/wp-json\/wp\/v2\/pages\/1406\/revisions"}],"up":[{"embeddable":true,"href":"https:\/\/www.cfppa.fr\/infocampus\/wp-json\/wp\/v2\/pages\/1228"}],"wp:attachment":[{"href":"https:\/\/www.cfppa.fr\/infocampus\/wp-json\/wp\/v2\/media?parent=1406"}],"curies":[{"name":"wp","href":"https:\/\/api.w.org\/{rel}","templated":true}]}}